t o be v/4 - (-8)/(-16). Suppose -2*g + 208 = 2*x, o*x - 4*x = -g + 108. What is the hundreds digit of g?
1
Let s = -2 + 3. Let p be 39/(-26)*4/(-3). Suppose i = j + s, -5*j + p*i - 1 = -2. What is the units digit of j?
1
Let i(x) = -19*x - 102. Let b be i(-6). What is the hundreds digit of b/3 + -6 + 341?
3
Let d be ((-56)/(-49))/(12/42). What is the units digit of (((-20)/15)/d)/(4/(-1980))?
5
Suppose 4*h = 8*h + k - 9, 0 = -h + 3*k + 12. Suppose -3*p - h*p = -1398. Suppose -190 - p = -4*y + 5*m, -2*y + 213 = -3*m. What is the tens digit of y?
0
Let q(o) = o**3 - 4*o**2 + 4*o + 4. Let v be q(4). Suppose -v = -4*s, -4*m - 3*s = m - 5. What is the units digit of (-1 - 41)*1/m?
1
Let y(v) = 4*v**2 - 14*v - 29. Let c(n) = 9*n**2 - 27*n - 58. Let d(x) = 3*c(x) - 7*y(x). Suppose -f - 8 + 24 = 0. What is the units digit of d(f)?
5
Let r(f) = 392*f + 1259. What is the tens digit of r(65)?
3
Let a(d) = 86*d**2 + 2440*d - 7. What is the ten thousands digit of a(-35)?
1
Suppose 0*x - 3*x + 120 = 0. Let w be (-9)/((-132)/x - -3). Suppose -26*b = -w*b + 380. What is the tens digit of b?
9
Suppose -5*l + 2*q = -54488, -488 + 22318 = 2*l + 5*q. What is the thousands digit of l?
0
Suppose 4*y - 8 = -0*y. Suppose 2*c - 12 = 2*m, y*c - 5 = 4*m + 9. Suppose c*a + 32 = 2*n, -3*a - 6 = 3*n - 2*n. What is the units digit of n?
6
Let r = 93258 - 65740. Suppose 4051 = -31*i + r. What is the hundreds digit of i?
7
Suppose -5338*r - 2489634 = -5380*r. What is the units digit of r?
7
Let f = 11685 - -17377. What is the tens digit of f?
6
Let r(u) = 5*u**2 + 169*u + 1449. What is the units digit of r(-71)?
5
Suppose u - 8125 = -3*h, 3*h - 2713 = 2*h + 2*u. What is the hundreds digit of ((-4)/(-6))/(2715/h + -1)?
3
Let l = 639 + -637. Suppose -3*c + 2422 = l*r - 7*c, -2*r = -c - 2431. What is the thousands digit of r?
1
Suppose 4*c + 98 = 106. Let u(o) = 44*o**3 - 4*o**2 + 9*o + 4. What is the hundreds digit of u(c)?
3
Suppose 9*p - 1034 + 3003 = s, -1981 = -s + 3*p. What is the units digit of s?
7
Let w(m) be the second derivative of -m**3/2 + 9*m**2 + m. Let c be (0/6)/((-9)/3). What is the tens digit of w(c)?
1
Let n = -119 + 134. What is the units digit of (-28116)/(-110) + -2*(-3)/n?
6
Let s be (4 - (0 - 0))*12. Suppose 35 = f - 6*f. Let n = s - f. What is the units digit of n?
5
Let m(o) = -23*o**3 - 460*o**2 - 17*o - 28. What is the ten thousands digit of m(-21)?
1
Let m = 12293 - 6922. What is the thousands digit of m?
5
Suppose 13*w + 39 + 0 = 0. Let k be -1 + 0 + -55 - w. Let l = 173 + k. What is the hundreds digit of l?
1
Suppose 0 = 10*h - 2*h - 32. Suppose h*u - 3*d = -0*d + 132, -5*u = 5*d - 200. Suppose 55 + u = f. What is the tens digit of f?
9
Let z = 288 - 190. Suppose -w = -z - 344. Suppose 4*s = 2*a + w, 4*s + a + 35 = 474. What is the tens digit of s?
1
What is the thousands digit of (-102 - 5)*(-301 - -39)?
8
Let c = -1137 + 4736. What is the units digit of c?
9
Let f be 28*(2 + -4)/(-2) + 3. Let y = f - 59. Let w = y + 35. What is the units digit of w?
7
What is the units digit of (-1)/(5/30*(-6)/3303)?
3
Suppose 11250 = 17*x - 12*x. Suppose 3*c - 153 = x. What is the units digit of c?
1
Suppose 5*c - 152 = -4*q + 10*c, q + 4*c - 17 = 0. What is the tens digit of (16 - 5)/(1/q)?
6
What is the thousands digit of 32/24 - 101800/(-60)?
1
Let i = 1243 + -816. Let p = 484 + i. What is the units digit of p?
1
Suppose 17*i + 73*i = 302552 + 312688. What is the tens digit of i?
3
What is the hundreds digit of 9557 + -4*(-11)/(-198) + 102/(-27)?
5
Suppose -47*t - 3100 = -51*t. Suppose 15*z = 10*z + t. What is the tens digit of z?
5
Let x = 50 - 38. Let j be 6*(40/x)/1. Suppose 2*s = 2*v + 46, 2*v + j = s + 4*v. What is the units digit of s?
2
What is the hundreds digit of ((-4)/2 + -31628)*5/(-10)?
8
Suppose 4*j - 141 = 35. Suppose 11*m - 519 = -79. Let y = j + m. What is the units digit of y?
4
Suppose -5*j = 5*s - 3650 - 355, -4*s - 1596 = -2*j. Suppose 2*z - j = 1146. What is the hundreds digit of z?
9
Let m = 52691 + -29469. What is the ten thousands digit of m?
2
Let s = 110 - 112. Let p be ((-28)/16)/(s/2896). Suppose 4*k - 18*k = -p. What is the units digit of k?
1
Suppose -5*j = -4*k - 38184, -k - 3*k + 30576 = 4*j. What is the thousands digit of j?
7
Let l = 16 + -61. Let v be -3*(-10)/l*-3. Suppose 5*m = -v*p - 10, -3*m + 8*m = 2*p - 30. What is the units digit of p?
5
Suppose -10 = -3*j - 4. What is the hundreds digit of (605/15 + j)*3?
1
Suppose 5100 = -2*k + 8*k. Let x = k + -415. Suppose -5*j = 4*c - 348, 5*c - 2*j - 3*j - x = 0. What is the tens digit of c?
8
Let q = 126903 + -83770. What is the thousands digit of q?
3
Let m = 105 + -93. Let w(d) = d**2 + 8*d - 34. What is the hundreds digit of w(m)?
2
What is the hundreds digit of ((-56)/49)/(6/(-118461))?
5
Let o(g) = 14*g**2 - 8*g**2 - g**2 + 8 - 19*g. Let v be o(8). Suppose 179 = 5*w - v. What is the tens digit of w?
7
Let m = 337 - 337. Suppose -118*p + 112*p + 1734 = m. What is the units digit of p?
9
Let i = -33 - -128. Suppose i*o - 91*o = 192. What is the units digit of o?
8
Suppose -125*q - 359216 + 460960 = -7495256. What is the ten thousands digit of q?
6
Suppose 0 = -0*a + 2*a + 318. Let x = 225 - a. What is the hundreds digit of x?
3
Suppose 39*q - 43*q = 0. Suppose q = 3*y - 3*u + 5*u - 140, 94 = 2*y + 2*u. What is the units digit of y?
6
What is the units digit of 187385316/12876 + (-4)/10 + 144/435?
3
Suppose 10*p + 6369 = -p. Let o = -304 - p. Suppose -4*b = b - o. What is the units digit of b?
5
Suppose 5*i + 3*x - 7 = 0, -8*i = -9*i - x + 1. Let t be (1 + i + -2)/(10/30). What is the hundreds digit of (-1)/(1154/(-1722) + 2/t)?
2
Let s = -1120 - -1087. Let z = 75 - 35. Let n = s + z. What is the units digit of n?
7
Suppose 38*f - 463696 - 1523400 = 0. What is the hundreds digit of f?
2
Let b(w) = -6*w - 58. Let a be b(-11). Let o(h) = -h**3 + 22*h**2 - 6*h. What is the tens digit of o(a)?
4
What is the units digit of -16*(-66)/48 + 44282?
4
Let x(g) be the second derivative of -3*g**3/2 - 17*g**2/2 - 2*g + 1. What is the tens digit of x(-12)?
9
Suppose 5*j + 27048 = 4*g, -2519 = -g + 3*j + 4243. What is the hundreds digit of g?
7
Suppose -5*g = 5*i - 15, 4*i + 4 = -0. Let m be g/(-10) + (-11882)/(-130). Suppose m = -3*d + 286. What is the tens digit of d?
6
Suppose 130*f - 383040 = -122*f. What is the hundreds digit of f?
5
Let h = 148371 + -87510. What is the ten thousands digit of h?
6
Suppose -184*z = -180*z - 32. Suppose z*s - 1103 + 263 = 0. Suppose -g + 96 = -s. What is the hundreds digit of g?
2
Let y(x) = 79*x - 2. Let u be y(-12). What is the units digit of 15/(525/(-14))*u?
0
Let f = 734 - -590. Suppose -3*q = l - 4*q - 6, 2*l = 5*q + 18. Suppose -5*x = -0 - 5, 5*k + l*x = f. What is the hundreds digit of k?
2
Let h be 3/((-9)/(-6)) + 3 + -3. Suppose -5*s - 1358 = -2*j, 3*j + h*j - 3362 = -4*s. Suppose -5*u - 109 + j = 0. What is the tens digit of u?
1
Suppose -2*v + 3*w + 8 = -13, 4*w = -2*v + 14. Suppose v*d - 20*d = -3938. What is the units digit of d?
8
What is the units digit of (-15708)/(-85)*(-60)/(-9)?
2
Let r = 1653 - -4700. What is the thousands digit of r?
6
Let k(o) = 66*o**3 + 14*o**2 - 55*o + 7. What is the hundreds digit of k(5)?
3
Let s be (-2)/(-4) + 34/4. Suppose 4*o - s*o = 10320. What is the units digit of ((-2)/6)/(8/o)?
6
What is the hundreds digit of (-5 - 416/(-96))/(4/(-66966))?
1
Suppose -133*v = -142*v - 9882. Let b = 132 - v. What is the thousands digit of b?
1
What is the tens digit of (-1 - 2)/(-4 + 0)*(-19631852)/(-501)?
8
Let t(k) = -2*k**2 + 19*k - 8. Let h be t(9). Suppose -u = 3*i + 9, i - h = -u - 0. Suppose -u*v - 3*v + 414 = 0. What is the units digit of v?
6
Let y be -3148*(14/35 + 13/(-20)). Suppose 783*t = y*t - 2188. What is the units digit of t?
7
Let d = -5880 + 11336. Suppose 17*k - d = 6529. Suppose -k = -3*g - 54. What is the hundreds digit of g?
2
Let c be ((-25)/10)/5 + 25/2. Suppose 8*r - c*r = -364. Let u = r + -74. What is the units digit of u?
7
Let f be 7 + 7960 + 7/(-7). Suppose f = 15*h - 2894. What is the hundreds digit of h?
7
Let b be 4/(-6)*438/4. Let k = 75 + b. Suppose -4*d + 526 = -3*l + l, -k*d + 2*l + 266 = 0. What is the units digit of d?
0
Let w(l) be the second derivative of l**5/20 + 3*l**